ate -18 + 68 - (-11 - 8 - 5).
74
-11 + -2 - (-23 + (0 - -5) + 30)
-25
(-9 - -1 - -2) + -276 + 285
3
What is the value of -160 + 193 + 82 + -55?
60
Calculate 84 + 90 + -85 - 20.
69
Calculate (30 + 1 - (-534 - -644)) + -15.
-94
101 - (-33 + 129) - (15 + 0)
-10
What is the value of (-9 - (-16 + (-40 - -18))) + 37?
66
Evaluate -52 + 102 + -45 - (10 - -4).
-9
What is 31 + 0 - (85 + -208 + 150)?
4
Calculate (2 + 10 - -5) + -36 - -61.
42
Evaluate (-14 - 3) + 5 + 80.
68
Calculate -15 - 0 - (-24 + 48 + 9).
-48
(60 + -59 - 31) + 18
-12
What is -468 + 485 - (4 - (2 + 22 + 3))?
40
Evaluate -161 + 152 + (1 + 2 - (-1 - -10)).
-15
20 + -1 + -7 - 70 - 11
-69
What is (-11 - -27) + -35 - (-4 - (-1 + 62))?
46
25 - (-8 + 71) - -131
93
Calculate 0 + (0 - -1 - (665 - 718)).
54
Calculate 336 - 262 - (10 + (6 - 4) - -4).
58
What is 34 - (31 + (137 + 0 - 43))?
-91
What is -66 + 20 - 97 - -244?
101
Calculate (-5 + (9 - 6) - 0) + 14 + -6 + 9.
15
6 + -18 + (128 - (24 + 4 + -27))
115
What is the value of -1 + 0 - (15 - (73 - (-11 - -4) - -1))?
65
5 + -117 + (-62 - -288)
114
-19 + -8 + -26 + 18 + 75
40
-18 + (-12 - (-11 - (-19 + (-10 - -7))))
-41
Calculate 17 + -22 - ((-131 - -116) + -2 + 83).
-71
What is the value of (-146 - -195) + -203 + 109?
-45
What is 0 + (3 - -5 - (-50 - -24)) - (-7 + -2)?
43
Calculate -91 - -96 - ((-6 - -3) + 4) - -42.
46
Calculate 9873 + -9911 - (-19 - (-1 + 2)).
-18
Evaluate -44 - 2 - (28 - ((-27 - -24) + 47)).
-30
Calculate -3 + (-10 + 14 - 9) + -9 + 7.
-10
Calculate 67 + -296 + 158 - -43.
-28
What is the value of -32 + 25 + -24 + 26 + 6 + -1 + 134?
134
-33 - (0 + (-26 - -26))
-33
Calculate (-120 - ((-26 - (-7 + 4)) + 16)) + 1.
-112
What is (-55 - -48) + (15 - -6) + (-3 - -35)?
46
Calculate 63 + -8 + 1 + 15 + (17 - 39).
49
What is the value of 97 - 1 - (-1811 + 1955)?
-48
Evaluate 6 + 20 + 122 + -206 + 87.
29
Evaluate (-28 - (-42 - -32)) + 69.
51
(2454 - 2592) + 210 + 0
72
What is the value of -10 + (-8 - -11 - -18) + (-7 - -1)?
5
(-143 - -147 - (1 - -12)) + -3 + 10 + -73
-75
What is (25 - (19 - 4)) + (22 - 43)?
-11
What is -8 + 9 + (-2 + 1 - 5) - (79 + -27)?
-57
Evaluate (72 - 54) + -22 + (1 + 18 - 3).
12
Calculate 22 - (-49 + 34 + -24).
61
What is the value of -59 + (25 - 23) + 12?
-45
90 - ((-11 - (-24 - -15)) + 0)
92
9 + 1 + (-578 - -527) + 38 + 4
1
Calculate -20 + 10 - (-18 + -84).
92
Calculate (10 - (13 - (-1 + 7))) + -3 + (39 - -49).
88
Calculate (12 - (-6 + 8 - -1) - (-8 - -11)) + 14.
20
What is -38 + (143 + -24 - 29)?
52
Calculate 140 + (-105 - 16) - (-1 + -64).
84
-5 + (6 - -22) + -9 - 7 - -15
22
What is 52 - (128 - 17 - 42)?
-17
What is 66 + (-22 - (-22 - -16) - 12)?
38
What is -17 + (24 + -15 + 14 - -46) + 21?
73
What is 1 - -21 - (-11 - -30) - -4 - 4?
3
(-3 - (17 + -16 + 6 - 22)) + 4
16
What is the value of (-6 - -4 - (0 + 89) - 0) + (1115 - 1115)?
-91
-20 + (28 + 73 - 74)
7
Calculate (-2 - (-49 + (-5 - (-20 - -4)))) + 3.
39
What is (-50 - -44) + (-6 - (6 - 40) - 4)?
18
47 - (82 + 26 + -143)
82
Calculate -3 + (-9 + -1 - ((29 - (-11 - -9)) + -76)).
32
What is the value of 15 - (-30 + 6 + -25) - (0 + 16)?
48
Evaluate 144 - ((107 - -5) + -24).
56
What is (-45 - -78 - 19) + -49?
-35
Evaluate -14 + (21 - (160 + -100)).
-53
What is the value of (-69 - 0) + (-433 - -515)?
13
What is the value of -5 - -7 - (0 - ((-6 - 30) + (-4 - 1)))?
-39
What is the value of 19 + -32 + 26 + 70?
83
Calculate -61 + 114 + (3 - (0 - (-14 - -3))) + 10.
55
Evaluate ((39 - (29 - 2)) + 5 - -59) + 1 + 1.
78
What is the value of (4 + 4 - 4) + (-6 - (17 - 19))?
0
What is the value of 116 + 99 + -120 - 71?
24
-70 + 126 + -91 + 3
-32
Calculate (-31 - (-38 + 44) - 35) + (2 - 2) + -7.
-79
-26 - (-117 + 232 + -273)
132
Calculate 98 + (52 - 39) + (-7 - 13) + -8.
83
What is the value of 71 - 66 - 144 - -62?
-77
What is the value of 8 + (24 + -51 - 4 - -7)?
-16
Calculate 11 - (21 + -89 - -35).
44
Evaluate ((-13 - 0) + 2 - (-22 - -29)) + -23.
-41
Evaluate 20 - 2 - 11 - ((7 - 115) + 9 - -1).
105
What is the value of -90 - ((26 - -47) + -85 + (-1 - 0))?
-77
Calculate (52 - (5 - 10)) + (-77 - -46 - -26).
52
Calculate (13 - 5) + 410 + -378.
40
Evaluate 59 + -1 + (-11 - -21 - 28).
40
1 + 14 - (-13909 + 13963)
-39
What is the value of (23 - (4 - (-27 - -15))) + -3 - (-2 + -13)?
19
What is the value of -18 + (7 - (-7 + 35)) - ((-6 - 1) + -5)?
-27
What is 3 + (-33 - 4) + (-7 - -34) + -18?
-25
Evaluate 42 + -24 + -47 - -52.
23
What is the value of 8 + (-1 + 2 - -13 - (771 + -744)) + 86?
81
What is the value of (-3 - (-5 + 1) - (-2 + 44 + -39)) + -62?
-64
-19 + -2 - (166 - 217)
30
What is the value of 2367 - 2416 - (-2 + -90)?
43
What is (-1 - (8 + 0)) + (-9179 - -9170)?
-18
Calculate -63 + (-43 - (-64 - -43 - -9)).
-94
What is 29 + -9 + -31 + 125?
114
Evaluate 13 + (48 + -48 - 35).
-22
Evaluate 58 - (-13 - ((11 - (12 - 7)) + -15)).
62
Calculate 5 - ((-95 - -84) + 15 + -1).
2
What is -37 + 36 + -189 + 104?
-86
-225 + 251 - (5 + (-1 - 8))
30
What is -63 + 14 + 9 - -18 - (0 - 10)?
-12
What is the value of 83 - (47 + (7 - 4))?
33
1 + 2 + -4 - 48 - (-14 - -9 - -16)
-60
What is the value of 76 + 0 - (-2261 - -2312)?
25
What is -17 + 27 + (-25 - -22) + (1 - 21)?
-13
Evaluate -8 - (5 - 7) - (12 - (-7 + 10)).
-15
What is 0 + 6 + (-26 - (-33 + -10)) + 7?
30
Calculate 4 - (-5 + 3 + -1) - (-57 - (-22 + 9)).
51
Calculate -1 + 28 + (-117 - -28) + 125.
63
What is (-3 - -9 - -23 - -4) + 11 + -23 - -7?
28
What is the value of (-2 + 3 + -3 - -5) + -44 + (143 - 55)?
47
4 - -23 - (-54 + 83)
-2
Calculate 182 + -304 - -202 - (-21 - (-1 + -1)).
99
Evaluate (-122 + 34 - -4) + (3 - -29).
-52
Evaluate (27 - 2) + -6 - (-5 + 7 - -5).
12
Calculate (9 + -3 + -9 - -2) + 67 - (-9 + 8).
67
Evaluate -242 - -175 - -78 - ((-2 - (-78 - 1)) + 2).
-68
What is the value of (-5 - (52 - 92)) + -20?
15
(173 - 182) + (-1 - -1) + (19 - 15) + -20
-25
What is 247 + -259 + 8 + (-16 - -8) + 77 + -1?
64
What is -1 + -5 + (24 - (24 + -7)) + 12 + 15?
28
Calculate (-41 - ((30 - 125) + 47)) + 32.
39
What is (376 - 402) + -5 + 54?
23
What is the value of -3 + -1 - (12 - 11) - (1 - 11) - 13?
-8
Evaluate -68 - (67 - (65 - 0)).
-70
What is the value of (-7 - (3 + 0 - 24)) + (5 - 15) + 2?
6
What is the value of 3 + -21 + 27 + -4 + -90 - -7?
-78
-1253 + 1326 - (87 + 1)
-15
Calculate (3 - 0 - (81 + -78) - 5) + 0.
-5
What is -9 - ((-37 - -57) + -66 + 34)?
3
What is 104 + -86 + 0 + 19 + 1?
38
Calculate 21 - (32 - (11 - -15) - (1 - -39)).
55
What is the value of (25 - 1) + -150 + (-124 - -287)?
37
What is the value of 6 + -9 - (47 + -44) - 91 - 7?
-104
What is the value of (-134 - (2 - 5) - (151 + -153)) + 6?
-123
Evaluate 9 + 32 + -53 + -28.
-40
Calculate (-1 - -2) + 6 + -3 + -202 + 85 + 264.
151
Calculate 7 + (-6 - -1) - ((-6 - -10) + 2) - 6.
-10
(9 - 7) + 9 + 1 + 25
37
What is (0 - (19 + -5 + -5)) + -21 - -5?
-25
Calculate 41 + -6 + (-53 - -34).
16
Evaluate 13 + 5 + 18 + -84 + 91.
43
Evaluate 993 + -976 + 1 + 1 + -43.
-24
Calculate -28 + -85 + 88 + 103.
78
Evaluate 0 + -8 - (4 - -19) - (-17 - -9 - -6).
-29
What is the value of (-14 - (20 + -53)) + 0 - (-14 + 3)?
30
Evaluate (-9 + (4 - 0) - (-36 - -40 - -7)) + 69.
53
(-13 - (19 + (-33 - 13))) + (-2 - 60) + 3
-45
What is 26 - (42 - (45 - 3))?
26
What is the value of -2 + -13 + (53 - (16 - -9))?
13
What is the value of 0 + -8 - (-78 - (-36 + 17 + 0))?
51
-50 - 191 - (37 + -175)
-103
Calculate ((-23 - 2) + 16 - (5 - 13)) + (-40 - -1).
-40
10 + -21 - -10 - 4 - -62 - 5
52
7 - -1 - (53 - (-3 + 23 - 27))
-52
Calculate (1 - 3 - (-43 - (50 - 78))) + (-3 - 20).
-10
(-9 - -5) + -9 - 1 - (-152 + 48)
90
Evaluate 1 - 68 - (-17 + 20) - (34 - 48).
-56
What is -6 + 102 - 1 - (-4 + -1) - (242 - 234)?
92
What is 0 + 28 + (1804 - 1829)?
3
1 + -19 + (-54 - -308) + -167
69
What is the value of 1 + -14 - (48 + -13 - 38)?
-10
Calculate (26 + 7 - 74) + 0 + 12 + (0 - -7).
-22
Evaluate 10 + -7 + 1 - -8 - (-4 - 0).
16
55 + (-47 - -19) + 15 - 70
-28
-698 + 800 + -3 + -90
9
What is the value of 72 - 60 - (0 + -3 + (-3 - -88) + -1)?
-69
What is the value of (12 - (5 - (6 - (14 + -7)))) + 15?
21
Calculate 30 - 39 - (13 + (0 - (-19 - -9))).
-32
What is the value of -111 - (-1 + 2 + (41 - 79 - -30))?
-104
What is -26 + -17 - (3 - -12) - (-3 + -13)?
-42
Calculate -4 - ((0 - -1 - -8) + 1521 + -1438).
-96
Calculate 18 - (42 +